alse
Is 4 a factor of 293?
False
Does 47 divide 920?
False
Is 9 a factor of 5184?
True
Is 28 a multiple of 4?
True
Does 3 divide 13023?
True
Is 600 a multiple of 30?
True
Is 722 a multiple of 5?
False
Is 25 a factor of 1330?
False
Is 12 a factor of 87?
False
Is 44 a factor of 4840?
True
Is 11 a factor of 15540?
False
Is 5 a factor of 639?
False
Is 60 a factor of 2280?
True
Is 16 a factor of 35666?
False
Is 23 a factor of 686?
False
Is 13 a factor of 6682?
True
Is 46 a factor of 20608?
True
Is 51 a factor of 1061?
False
Is 151 a factor of 4530?
True
Is 924 a multiple of 14?
True
Is 7 a factor of 238?
True
Does 6 divide 648?
True
Does 24 divide 360?
True
Does 5 divide 3840?
True
Does 11 divide 935?
True
Does 5 divide 2980?
True
Is 54 a factor of 8802?
True
Does 4 divide 1302?
False
Is 8 a factor of 253?
False
Does 21 divide 3097?
False
Does 22 divide 3766?
False
Is 52416 a multiple of 21?
True
Is 2079 a multiple of 77?
True
Does 56 divide 3843?
False
Does 24 divide 9418?
False
Is 27 a factor of 34674?
False
Is 7 a factor of 63?
True
Does 28 divide 6983?
False
Is 349 a multiple of 10?
False
Is 57 a factor of 114?
True
Is 64 a factor of 20736?
True
Is 9 a factor of 25398?
True
Does 65 divide 132?
False
Is 15 a factor of 565?
False
Is 497 a multiple of 34?
False
Does 269 divide 76073?
False
Is 2271 a multiple of 23?
False
Does 80 divide 1280?
True
Is 6849 a multiple of 12?
False
Does 21 divide 813?
False
Is 35 a factor of 65625?
True
Does 8 divide 1246?
False
Is 1152 a multiple of 6?
True
Is 1527 a multiple of 104?
False
Is 953 a multiple of 20?
False
Is 6 a factor of 4554?
True
Does 50 divide 24050?
True
Does 19 divide 4256?
True
Is 49 a factor of 5880?
True
Is 3257 a multiple of 12?
False
Is 52207 a multiple of 17?
True
Is 181 a factor of 6335?
True
Does 13 divide 77038?
True
Is 384 a multiple of 32?
True
Does 52 divide 6088?
False
Is 29 a factor of 9087?
False
Does 207 divide 17388?
True
Does 27 divide 1884?
False
Does 48 divide 48?
True
Is 3718 a multiple of 11?
True
Is 11457 a multiple of 57?
True
Does 3 divide 1045?
False
Is 44 a factor of 23892?
True
Does 15 divide 1050?
True
Is 11 a factor of 143?
True
Is 5985 a multiple of 133?
True
Is 80 a factor of 14400?
True
Is 16264 a multiple of 13?
False
Does 32 divide 17056?
True
Is 26 a multiple of 13?
True
Does 10 divide 1453?
False
Does 29 divide 6916?
False
Is 696 a multiple of 12?
True
Does 17 divide 20604?
True
Does 14 divide 22400?
True
Does 7 divide 3757?
False
Does 94 divide 18894?
True
Is 920 a multiple of 40?
True
Is 273 a factor of 116906?
False
Is 73 a factor of 1143?
False
Does 60 divide 1140?
True
Does 29 divide 116?
True
Does 66 divide 1188?
True
Is 137 a factor of 15755?
True
Does 8 divide 168?
True
Is 54417 a multiple of 162?
False
Is 12 a factor of 115744?
False
Does 29 divide 14810?
False
Is 6541 a multiple of 211?
True
Is 67 a factor of 1474?
True
Is 397 a multiple of 18?
False
Is 5 a factor of 194?
False
Is 1239 a multiple of 12?
False
Is 9 a factor of 90?
True
Is 9105 a multiple of 97?
False
Is 200 a multiple of 30?
False
Is 1116 even?
True
Is 375 a multiple of 15?
True
Is 1594 a multiple of 69?
False
Does 82 divide 9816?
False
Does 83 divide 3327?
False
Is 13546 a multiple of 13?
True
Does 7 divide 104?
False
Is 49956 a multiple of 181?
True
Is 2 a factor of 489?
False
Is 6438 a multiple of 111?
True
Is 1449 a multiple of 30?
False
Is 41395 a multiple of 64?
False
Is 1023 a multiple of 51?
False
Does 19 divide 1007?
True
Does 16 divide 41077?
False
Is 65 a factor of 731?
False
Is 204 a factor of 22236?
True
Is 2175 a multiple of 40?
False
Is 37997 a multiple of 5?
False
Does 73 divide 949?
True
Is 730 a multiple of 4?
False
Is 701 a multiple of 4?
False
Does 36 divide 2916?
True
Does 4 divide 156?
True
Does 5 divide 4851?
False
Is 60 even?
True
Does 8 divide 592?
True
Is 4 a factor of 235?
False
Is 20 a factor of 380?
True
Is 49 a factor of 25353?
False
Does 6 divide 2733?
False
Does 27 divide 9653?
False
Is 5132 a multiple of 14?
False
Is 32 a factor of 2304?
True
Is 14 a factor of 414?
False
Does 3 divide 8?
False
Does 29 divide 15080?
True
Is 30 a factor of 28290?
True
Is 128 a multiple of 64?
True
Is 60 a factor of 29914?
False
Does 24 divide 10255?
False
Is 215 a factor of 32465?
True
Is 16 a factor of 800?
True
Is 5792 a multiple of 25?
False
Is 124 a factor of 3780?
False
Is 3954 a multiple of 84?
False
Does 66 divide 36172?
False
Is 25636 a multiple of 116?
True
Is 10 a factor of 1284?
False
Is 4 a factor of 404?
True
Does 67 divide 28609?
True
Is 16 a factor of 336?
True
Is 21848 a multiple of 34?
False
Does 32 divide 2176?
True
Does 10 divide 2870?
True
Is 10 a factor of 849?
False
Does 8 divide 16720?
True
Is 65 a factor of 195?
True
Is 735 a multiple of 41?
False
Is 1065 a multiple of 71?
True
Does 80 divide 22384?
False
Is 48 a multiple of 18?
False
Does 71 divide 17821?
True
Does 77 divide 1181?
False
Is 12493 a multiple of 10?
False
Does 3 divide 1059?
True
Does 9 divide 954?
True
Is 53433 a multiple of 84?
False
Is 150 a multiple of 14?
False
Is 93 a multiple of 6?
False
Does 25 divide 3902?
False
Is 52 a factor of 1944?
False
Does 43 divide 73313?
False
Is 1274 a multiple of 14?
True
Is 12298 a multiple of 22?
True
Is 27 a factor of 270?
True
Is 125 a factor of 20500?
True
Is 20 a factor of 22960?
True
Does 75 divide 5457?
False
Is 783 a multiple of 27?
True
Does 20 divide 163240?
True
Is 108 a multiple of 108?
True
Is 77 a factor of 3969?
False
Is 10 a factor of 388?
False
Does 157 divide 8032?
False
Does 48 divide 16951?
False
Is 80 a factor of 34160?
True
Is 9 a factor of 35595?
True
Does 5 divide 1204?
False
Does 23 divide 6003?
True
Does 80 divide 160?
True
Does 13 divide 520?
True
Does 114 divide 35188?
False
Is 2356 a multiple of 24?
False
Is 1048 a multiple of 131?
True
Does 5 divide 2738?
False
Is 12 a factor of 276?
True
Is 128 a factor of 15200?
False
Is 67 a multiple of 2?
False
Is 234 a multiple of 9?
True
Is 333 a factor of 25975?
False
Does 17 divide 779?
False
Is 8316 a multiple of 17?
False
Is 12 a factor of 38?
False
Is 406 a multiple of 13?
False
Does 23 divide 17735?
False
Is 7930 a multiple of 13?
True
Does 16 divide 1584?
True
Is 13 a factor of 23120?
False
Is 4 a factor of 494?
False
Is 26 a factor of 5252?
True
Is 912 a multiple of 228?
True
Does 13 divide 12519?
True
Does 10 divide 91?
False
Does 19 divide 4003?
False
Is 2835 a multiple of 15?
True
Is 36 a factor of 972?
True
Does 67 divide 18318?
False
Is 5310 a multiple of 141?
False
Is 2 a factor of 307?
False
Does 33 divide 10611?
False
Does 55 divide 22935?
True
Does 2 divide 1454?
True
Does 4 divide 14382?
False
Does 22 divide 113740?
True
Is 41 a factor of 2095?
False
Does 23 divide 30406?
True
Does 4 divide 1676?
True
Is 22 a factor of 14014?
True
Is 420 a multiple of 14?
True
Does 57 divide 1544?
False
Is 912 a multiple of 12?
True
Is 5150 a multiple of 5?
True
Does 3 divide 3554?
False
Does 76 divide 16983?
False
Is 38 a factor of 494?
True
Is 7 a factor of 35?
True
Does 48 divide 14880?
True
Is 111 a multiple of 30?
False
Is 41064 a multiple of 116?
True
Is 12 a factor of 698?
False
Is 304 a multiple of 63?
False
Is 34 a factor of 253?
False
Is 45304 a multiple of 76?
False
Is 4 a factor of 140?
True
Is 125 a multiple of 7?
False
Does 7 divide 308?
True
Is 1283 a multiple of 20?
False
Does 91 divide 5832?
False
Does 33 divide 3229?
False
Does 11 divide 672?
False
Does 13 divide 9268?
False
Does 9 divide 98?
False
Does 15 divide 8221?
False
Is 192 a multiple of 24?
True
Does 61 divide 3416?
True
Does 20 divide 940?
True
Is 1690 a multiple of 13?
True
Is 17 a factor of 1615?
True
Does 8 divide 1503?
False
Is 20410 a multiple of 13?
True
Is 6 a factor of 2610?
True
Is 47 a factor of 7191?
True
Is 4601 a multiple of 66?
False
Does 4 divide 5697?
False
Does 56 divide 115976?
True
Is 5 a factor of 13120?
True
Does 30 divide 1099?
False
Is 64 a factor of 250?
False
Is 35 a factor of 15890?
True
Is 389 a multiple of 8?
False
Is 618 a multiple of 8?
False
Is 319 a multiple of 13?
False
Is 6 a factor of 6222?
True
Is 1575 a multiple of 6?
False
Does 13 divide 429?
True
Is 51 a factor of 14535?
True
Is 30 a factor of 6060?
True
Is 48 a factor of 12912?
True
Is 33 a factor of 874